{"id":33,"date":"2016-03-02T21:14:16","date_gmt":"2016-03-02T20:14:16","guid":{"rendered":"http:\/\/www.dgphoto.be\/?page_id=33"},"modified":"2026-08-03T11:09:43","modified_gmt":"2026-08-03T10:09:43","slug":"tarifs-mariage-pascher-photographe-liege","status":"publish","type":"page","link":"https:\/\/www.dgphoto.be\/index.php\/tarifs-mariage-pascher-photographe-liege\/","title":{"rendered":"Tarifs Mariage"},"content":{"rendered":"<div class='row'><div style='padding-bottom:20px;' class='span12 first-module module_number_1 module_cont  module_text_area'>\n                <div class='module_content'>\n                    <h6>Rien de telle qu'une photographe professionnelle pour immortaliser le plus beau jour de votre vie.<\/h6>\r\n<p>Je r&eacute;alise les photos de votre mariage de fa&ccedil;on naturelle et spontan&eacute;e. Je saisis votre chaleur, vos &eacute;lans, vos &eacute;motions.<\/p>\r\n<p>Bref je capture un instant de votre vie pour que vous puissiez en conserver le merveilleux souvenir &agrave; tout jamais.<\/p>\n                <\/div><\/div><!-- .module_cont --><\/div><div class='row'><div style='padding-bottom:30px;' class='span6  module_number_2 module_cont  module_price_table'><div class=\"module_price_table price_table_wrapper\">\n                <div class=\"price_item \" style=\"width:100%;\">\n                    <div class=\"price_item_wrapper\">\n\t\t\t\t\t\t<div class=\"price_item_title\"><h5>Forfait \u00ab Classique \u00bb <\/h5><\/div>\n\t\t\t\t\t\t<div class=\"price_item_body\">\n\t\t\t\t\t\t\t<div class=\"item_cost_wrapper\">\n\t\t\t\t\t\t\t\t<div class=\"price_item_cost\">\n\t\t\t\t\t\t\t\t\t<h1>1000 euros<\/h1>\n\t\t\t\t\t\t\t\t\t<h4><\/h4>\n\t\t\t\t\t\t\t\t<\/div>\n\t\t\t\t\t\t\t\t<div class=\"price_ico_default\"><\/div>\n\t\t\t\t\t\t\t<\/div><!-- .item_cost_wrapper --><div class=\"price_item_text\">Un rendez-vous de pr\u00e9paration du mariage<\/div><div class=\"price_item_text\">Le d\u00e9placement dans un rayon de 35 km<\/div><div class=\"price_item_text\">6h de prises de vue  (Pr\u00e9paration de la mari\u00e9e et\/ou du mari\u00e9, c\u00e9r\u00e9monie civile et \/ou religieuse, photos des mari\u00e9s, photos des familles, photos de l\u2019ap\u00e9ritif jusqu&#039;au passage \u00e0 table)<\/div><div class=\"price_item_text\">Une cl\u00e9 Usb comprenant les prises de vues retouch\u00e9es<\/div><\/div>\n\t\t\t<div class=\"price_item_btn\">\n\t\t\t\t<a href=\"mailto:delphine@dgphoto.be\">\n\t\t\t\t\t<h5>Commander<\/h5>\n\t\t\t\t<\/a>\n\t\t\t<\/div>\t\t\t\n                    <\/div>\n                <\/div>\n            <\/div><\/div><!-- .module_cont --><div style='padding-bottom:30px;' class='span6  module_number_3 module_cont center_title module_title'><div class='bg_title'><h6 style='color:#000000;text-align:center;' class='headInModule'><\/h6><\/div><\/div><!-- .module_cont --><\/div><div class='row'><div style='padding-bottom:30px;' class='span6  module_number_4 module_cont  module_price_table'><div class=\"module_price_table price_table_wrapper\">\n                <div class=\"price_item \" style=\"width:100%;\">\n                    <div class=\"price_item_wrapper\">\n\t\t\t\t\t\t<div class=\"price_item_title\"><h5>Forfait \u00ab Prestige \u00bb <\/h5><\/div>\n\t\t\t\t\t\t<div class=\"price_item_body\">\n\t\t\t\t\t\t\t<div class=\"item_cost_wrapper\">\n\t\t\t\t\t\t\t\t<div class=\"price_item_cost\">\n\t\t\t\t\t\t\t\t\t<h1>1300 euros<\/h1>\n\t\t\t\t\t\t\t\t\t<h4><\/h4>\n\t\t\t\t\t\t\t\t<\/div>\n\t\t\t\t\t\t\t\t<div class=\"price_ico_default\"><\/div>\n\t\t\t\t\t\t\t<\/div><!-- .item_cost_wrapper --><div class=\"price_item_text\">Un rendez-vous de pr\u00e9paration du mariage<\/div><div class=\"price_item_text\">Le d\u00e9placement dans un rayon de 35 km<\/div><div class=\"price_item_text\">9h de prises de vue  (Pr\u00e9paration de la mari\u00e9e et\/ou du mari\u00e9, c\u00e9r\u00e9monie civile et \/ou religieuse, photos des mari\u00e9s, photos des familles, photos de l\u2019ap\u00e9ritif et du repas)<\/div><div class=\"price_item_text\">Une cl\u00e9 Usb comprenant les prises de vues retouch\u00e9es.<\/div><\/div>\n\t\t\t<div class=\"price_item_btn\">\n\t\t\t\t<a href=\"mailto:delphine@dgphoto.be\">\n\t\t\t\t\t<h5>Commander<\/h5>\n\t\t\t\t<\/a>\n\t\t\t<\/div>\t\t\t\n                    <\/div>\n                <\/div>\n            <\/div><\/div><!-- .module_cont --><div style='padding-bottom:30px;' class='span6  module_number_5 module_cont center_title module_title'><div class='bg_title'><h6 style='color:#000;text-align:center;' class='headInModule'><\/h6><\/div><\/div><!-- .module_cont --><\/div><div class='row'><div style='padding-bottom:30px;' class='span6  module_number_6 module_cont  module_price_table'><div class=\"module_price_table price_table_wrapper\">\n                <div class=\"price_item \" style=\"width:100%;\">\n                    <div class=\"price_item_wrapper\">\n\t\t\t\t\t\t<div class=\"price_item_title\"><h5>Forfait \u00ab Luxe \u00bb <\/h5><\/div>\n\t\t\t\t\t\t<div class=\"price_item_body\">\n\t\t\t\t\t\t\t<div class=\"item_cost_wrapper\">\n\t\t\t\t\t\t\t\t<div class=\"price_item_cost\">\n\t\t\t\t\t\t\t\t\t<h1>1550 euros<\/h1>\n\t\t\t\t\t\t\t\t\t<h4><\/h4>\n\t\t\t\t\t\t\t\t<\/div>\n\t\t\t\t\t\t\t\t<div class=\"price_ico_default\"><\/div>\n\t\t\t\t\t\t\t<\/div><!-- .item_cost_wrapper --><div class=\"price_item_text\">Un rendez-vous de pr\u00e9paration du mariage<\/div><div class=\"price_item_text\">Le d\u00e9placement dans un rayon de 35 km<\/div><div class=\"price_item_text\">12h de prises de vue  (Pr\u00e9paration de la mari\u00e9e et\/ou du mari\u00e9, c\u00e9r\u00e9monie civile et \/ou religieuse, photos des mari\u00e9s, photos des familles, photos lors de l\u2019ap\u00e9ritif, le repas, la soir\u00e9e jusqu\u2019\u00e0 minuit )<\/div><div class=\"price_item_text\">Une cl\u00e9 Usb comprenant les prises de vues retouch\u00e9es.<\/div><\/div>\n\t\t\t<div class=\"price_item_btn\">\n\t\t\t\t<a href=\"mailto:delphine@dgphoto.be\">\n\t\t\t\t\t<h5>Commander<\/h5>\n\t\t\t\t<\/a>\n\t\t\t<\/div>\t\t\t\n                    <\/div>\n                <\/div>\n            <\/div><\/div><!-- .module_cont --><div style='padding-bottom:30px;' class='span6  module_number_7 module_cont center_title module_title'><div class='bg_title'><h6 style='color:#000000;text-align:center;' class='headInModule'><\/h6><\/div><\/div><!-- .module_cont --><\/div><div class='row'><div style='padding-bottom:30px;' class='span6  module_number_8 module_cont  module_contact_info'><div class='bg_title'><h3 style='color:#000;' class='headInModule'>Divers<\/h3><\/div><ul class='contact_info_list'><li class='contact_info_item'><div class='contact_info_wrapper'><span class='contact_info_icon' style='background:#000;'><i style='color:#fff' class='icon-check'><\/i><\/span><div class=\"contact_info_text\">Cr\u00e9ation de remerciements \u00e0 la demande.<\/div><\/div><\/li><li class='contact_info_item'><div class='contact_info_wrapper'><span class='contact_info_icon' style='background:#000;'><i style='color:#fff' class='icon-check'><\/i><\/span><div class=\"contact_info_text\">Possibilit\u00e9 de personnalisation sur demande, tenant compte de vos go\u00fbts et de vos envies.<\/div><\/div><\/li><li class='contact_info_item'><div class='contact_info_wrapper'><span class='contact_info_icon' style='background:#000;'><i style='color:#fff' class='icon-check'><\/i><\/span><div class=\"contact_info_text\">150\u20ac\/Heure suppl\u00e9mentaire<\/div><\/div><\/li><li class='contact_info_item'><div class='contact_info_wrapper'><span class='contact_info_icon' style='background:#000;'><i style='color:#fff' class='icon-check'><\/i><\/span><div class=\"contact_info_text\">Album sur demande et devis<\/div><\/div><\/li><\/ul><\/div><!-- .module_cont --><\/div>","protected":false},"excerpt":{"rendered":"<p>Rien de telle qu&rsquo;une photographe professionnelle pour immortaliser le plus beau jour de votre vie. Je r&eacute;alise les photos de votre mariage de fa&ccedil;on naturelle et spontan&eacute;e. Je saisis votre chaleur, vos &eacute;lans, vos &eacute;motions. Bref je capture un instant de votre vie pour que vous puissiez en conserver le merveilleux souvenir &agrave; tout jamais. Forfait \u00ab Classique \u00bb 1000 euros Un rendez-vous de pr\u00e9paration du mariageLe d\u00e9placement dans un rayon de 35 km6h de prises de vue (Pr\u00e9paration de la mari\u00e9e et\/ou du mari\u00e9, c\u00e9r\u00e9monie civile et \/ou religieuse, photos des mari\u00e9s, photos des familles, photos de l\u2019ap\u00e9ritif jusqu&#039;au passage \u00e0 table)Une cl\u00e9 Usb comprenant les prises de vues retouch\u00e9es Commander Forfait \u00ab Prestige \u00bb 1300 euros Un rendez-vous de pr\u00e9paration du mariageLe d\u00e9placement dans un rayon de 35 km9h de prises de vue (Pr\u00e9paration de la mari\u00e9e et\/ou du mari\u00e9, c\u00e9r\u00e9monie civile et \/ou religieuse, photos des mari\u00e9s, photos des familles, photos de l\u2019ap\u00e9ritif et du repas)Une cl\u00e9 Usb comprenant les prises de vues retouch\u00e9es. Commander Forfait \u00ab Luxe \u00bb 1550 euros Un rendez-vous de pr\u00e9paration du mariageLe d\u00e9placement dans un rayon de 35 km12h de prises de vue (Pr\u00e9paration de la mari\u00e9e et\/ou du mari\u00e9, c\u00e9r\u00e9monie civile [&hellip;]<\/p>\n","protected":false},"author":1,"featured_media":0,"parent":0,"menu_order":0,"comment_status":"closed","ping_status":"closed","template":"","meta":{"footnotes":""},"class_list":["post-33","page","type-page","status-publish","hentry"],"_links":{"self":[{"href":"https:\/\/www.dgphoto.be\/index.php\/wp-json\/wp\/v2\/pages\/33","targetHints":{"allow":["GET"]}}],"collection":[{"href":"https:\/\/www.dgphoto.be\/index.php\/wp-json\/wp\/v2\/pages"}],"about":[{"href":"https:\/\/www.dgphoto.be\/index.php\/wp-json\/wp\/v2\/types\/page"}],"author":[{"embeddable":true,"href":"https:\/\/www.dgphoto.be\/index.php\/wp-json\/wp\/v2\/users\/1"}],"replies":[{"embeddable":true,"href":"https:\/\/www.dgphoto.be\/index.php\/wp-json\/wp\/v2\/comments?post=33"}],"version-history":[{"count":1,"href":"https:\/\/www.dgphoto.be\/index.php\/wp-json\/wp\/v2\/pages\/33\/revisions"}],"predecessor-version":[{"id":34,"href":"https:\/\/www.dgphoto.be\/index.php\/wp-json\/wp\/v2\/pages\/33\/revisions\/34"}],"wp:attachment":[{"href":"https:\/\/www.dgphoto.be\/index.php\/wp-json\/wp\/v2\/media?parent=33"}],"curies":[{"name":"wp","href":"https:\/\/api.w.org\/{rel}","templated":true}]}}

<div class='row'><div style='padding-bottom:20px;' class='span12 first-module module_number_1 module_cont  module_text_area'>
                <div class='module_content'>
                    <h6>Rien de telle qu'une photographe professionnelle pour immortaliser le plus beau jour de votre vie.</h6>
<p>Je r&eacute;alise les photos de votre mariage de fa&ccedil;on naturelle et spontan&eacute;e. Je saisis votre chaleur, vos &eacute;lans, vos &eacute;motions.</p>
<p>Bref je capture un instant de votre vie pour que vous puissiez en conserver le merveilleux souvenir &agrave; tout jamais.</p>
                </div></div><!-- .module_cont --></div><div class='row'><div style='padding-bottom:30px;' class='span6  module_number_2 module_cont  module_price_table'><div class="module_price_table price_table_wrapper">
                <div class="price_item " style="width:100%;">
                    <div class="price_item_wrapper">
						<div class="price_item_title"><h5>Forfait « Classique » </h5></div>
						<div class="price_item_body">
							<div class="item_cost_wrapper">
								<div class="price_item_cost">
									<h1>1000 euros</h1>
									<h4></h4>
								</div>
								<div class="price_ico_default"></div>
							</div><!-- .item_cost_wrapper --><div class="price_item_text">Un rendez-vous de préparation du mariage</div><div class="price_item_text">Le déplacement dans un rayon de 35 km</div><div class="price_item_text">6h de prises de vue  (Préparation de la mariée et/ou du marié, cérémonie civile et /ou religieuse, photos des mariés, photos des familles, photos de l’apéritif jusqu&#039;au passage à table)</div><div class="price_item_text">Une clé Usb comprenant les prises de vues retouchées</div></div>
			<div class="price_item_btn">
				<a href="mailto:delphine@dgphoto.be">
					<h5>Commander</h5>
				</a>
			</div>			
                    </div>
                </div>
            </div></div><!-- .module_cont --><div style='padding-bottom:30px;' class='span6  module_number_3 module_cont center_title module_title'><div class='bg_title'><h6 style='color:#000000;text-align:center;' class='headInModule'></h6></div></div><!-- .module_cont --></div><div class='row'><div style='padding-bottom:30px;' class='span6  module_number_4 module_cont  module_price_table'><div class="module_price_table price_table_wrapper">
                <div class="price_item " style="width:100%;">
                    <div class="price_item_wrapper">
						<div class="price_item_title"><h5>Forfait « Prestige » </h5></div>
						<div class="price_item_body">
							<div class="item_cost_wrapper">
								<div class="price_item_cost">
									<h1>1300 euros</h1>
									<h4></h4>
								</div>
								<div class="price_ico_default"></div>
							</div><!-- .item_cost_wrapper --><div class="price_item_text">Un rendez-vous de préparation du mariage</div><div class="price_item_text">Le déplacement dans un rayon de 35 km</div><div class="price_item_text">9h de prises de vue  (Préparation de la mariée et/ou du marié, cérémonie civile et /ou religieuse, photos des mariés, photos des familles, photos de l’apéritif et du repas)</div><div class="price_item_text">Une clé Usb comprenant les prises de vues retouchées.</div></div>
			<div class="price_item_btn">
				<a href="mailto:delphine@dgphoto.be">
					<h5>Commander</h5>
				</a>
			</div>			
                    </div>
                </div>
            </div></div><!-- .module_cont --><div style='padding-bottom:30px;' class='span6  module_number_5 module_cont center_title module_title'><div class='bg_title'><h6 style='color:#000;text-align:center;' class='headInModule'></h6></div></div><!-- .module_cont --></div><div class='row'><div style='padding-bottom:30px;' class='span6  module_number_6 module_cont  module_price_table'><div class="module_price_table price_table_wrapper">
                <div class="price_item " style="width:100%;">
                    <div class="price_item_wrapper">
						<div class="price_item_title"><h5>Forfait « Luxe » </h5></div>
						<div class="price_item_body">
							<div class="item_cost_wrapper">
								<div class="price_item_cost">
									<h1>1550 euros</h1>
									<h4></h4>
								</div>
								<div class="price_ico_default"></div>
							</div><!-- .item_cost_wrapper --><div class="price_item_text">Un rendez-vous de préparation du mariage</div><div class="price_item_text">Le déplacement dans un rayon de 35 km</div><div class="price_item_text">12h de prises de vue  (Préparation de la mariée et/ou du marié, cérémonie civile et /ou religieuse, photos des mariés, photos des familles, photos lors de l’apéritif, le repas, la soirée jusqu’à minuit )</div><div class="price_item_text">Une clé Usb comprenant les prises de vues retouchées.</div></div>
			<div class="price_item_btn">
				<a href="mailto:delphine@dgphoto.be">
					<h5>Commander</h5>
				</a>
			</div>			
                    </div>
                </div>
            </div></div><!-- .module_cont --><div style='padding-bottom:30px;' class='span6  module_number_7 module_cont center_title module_title'><div class='bg_title'><h6 style='color:#000000;text-align:center;' class='headInModule'></h6></div></div><!-- .module_cont --></div><div class='row'><div style='padding-bottom:30px;' class='span6  module_number_8 module_cont  module_contact_info'><div class='bg_title'><h3 style='color:#000;' class='headInModule'>Divers</h3></div><ul class='contact_info_list'><li class='contact_info_item'><div class='contact_info_wrapper'><span class='contact_info_icon' style='background:#000;'><i style='color:#fff' class='icon-check'></i></span><div class="contact_info_text">Création de remerciements à la demande.</div></div></li><li class='contact_info_item'><div class='contact_info_wrapper'><span class='contact_info_icon' style='background:#000;'><i style='color:#fff' class='icon-check'></i></span><div class="contact_info_text">Possibilité de personnalisation sur demande, tenant compte de vos goûts et de vos envies.</div></div></li><li class='contact_info_item'><div class='contact_info_wrapper'><span class='contact_info_icon' style='background:#000;'><i style='color:#fff' class='icon-check'></i></span><div class="contact_info_text">150€/Heure supplémentaire</div></div></li><li class='contact_info_item'><div class='contact_info_wrapper'><span class='contact_info_icon' style='background:#000;'><i style='color:#fff' class='icon-check'></i></span><div class="contact_info_text">Album sur demande et devis</div></div></li></ul></div><!-- .module_cont --></div>

<p>Rien de telle qu&rsquo;une photographe professionnelle pour immortaliser le plus beau jour de votre vie. Je r&eacute;alise les photos de votre mariage de fa&ccedil;on naturelle et spontan&eacute;e. Je saisis votre chaleur, vos &eacute;lans, vos &eacute;motions. Bref je capture un instant de votre vie pour que vous puissiez en conserver le merveilleux souvenir &agrave; tout jamais. Forfait « Classique » 1000 euros Un rendez-vous de préparation du mariageLe déplacement dans un rayon de 35 km6h de prises de vue (Préparation de la mariée et/ou du marié, cérémonie civile et /ou religieuse, photos des mariés, photos des familles, photos de l’apéritif jusqu&#039;au passage à table)Une clé Usb comprenant les prises de vues retouchées Commander Forfait « Prestige » 1300 euros Un rendez-vous de préparation du mariageLe déplacement dans un rayon de 35 km9h de prises de vue (Préparation de la mariée et/ou du marié, cérémonie civile et /ou religieuse, photos des mariés, photos des familles, photos de l’apéritif et du repas)Une clé Usb comprenant les prises de vues retouchées. Commander Forfait « Luxe » 1550 euros Un rendez-vous de préparation du mariageLe déplacement dans un rayon de 35 km12h de prises de vue (Préparation de la mariée et/ou du marié, cérémonie civile [&hellip;]</p>
